3. Let c = j - 1223. Is c composite?
True
Let a(w) = -32*w**3 + w**2 - 19*w + 14. Let v be a(7). Let y = 21235 + v. Is y composite?
True
Is 1673121/12 + 8*4/128 prime?
False
Let d = -681 + -18832. Is -2 - d - (-4 + -2) a composite number?
True
Let p be (10 - (-279)/(-36))/(6/(-32)). Is (-2 - 5103/p)/(17/68) prime?
True
Let d(t) = t**2 - 3*t + 12. Let m be d(7). Let y = 40 - m. Suppose y = 5*j - j - 716. Is j prime?
True
Let w(o) = 41*o**2 + o. Let u be w(-1). Is 16/u - (3 + 15198/(-5)) a composite number?
False
Suppose 17*a - 12*a - 15 = 0. Suppose -2*w + 380 = -2*x, -2*w + 182 = a*x - 183. Is w a prime number?
False
Suppose -4*o = -o + 2*r + 105, 5*r - 70 = 2*o. Let u be ((-14)/o)/(2/10). Let l(j) = 34*j - 9. Is l(u) composite?
False
Let n(q) = 3*q + 20. Suppose 2*p - 35 = 9*p. Let h be n(p). Suppose -h*s + 4619 + 13676 = -4*g, -4*s + 14636 = 3*g. Is s a composite number?
False
Let m(d) = 70*d**3 - 3*d**2 + 37*d - 21. Suppose 10 = -3*u + 5*u. Is m(u) composite?
False
Let s(j) be the third derivative of -j**6/60 + j**4/24 + 841*j**3/6 + 3*j**2 - 2*j. Is s(0) prime?
False
Suppose -4*l + 431896 = -2*p, 0 = l - 48*p + 47*p - 107977. Is l a composite number?
False
Suppose f = 26*l - 31*l + 63280, f = 2*l - 25305. Is l composite?
True
Suppose 0 = 32*w - 31*w - 242. Let t be (-4)/(-22) - (-1012000)/w. Is (-2)/(-8) + -4 + t/8 prime?
False
Let p(c) = 128*c - 8 - 1 - 94*c. Let h be p(-8). Let w = h - -672. Is w a prime number?
False
Let n = -5014 + 22035. Is n prime?
True
Is 45/15 - (1/(-2))/(7/282884) a prime number?
False
Let c(s) = 49534*s + 6. Let w be c(-3). Let g be -3 + 51/15 + w/(-10). Suppose -7*q - 5403 = -g. Is q composite?
True
Is 2833/1*(100/10 - -31) a composite number?
True
Suppose 7*j - 9 = -79. Let x be 27530/40 + j/8. Suppose -2*w + x = -w - n, w = 2*n + 691. Is w prime?
True
Suppose -8*m + 3002563 = -f, 4*m - 6*f = -2*f + 1501264. Is m prime?
False
Let w(t) = 204*t**2 + 8460*t - 49. Is w(-52) prime?
False
Let h(m) = 38*m**2 + 7*m + 1111. Is h(46) a prime number?
False
Let i be -6*(8/(-4) + 1) - 3. Suppose 5*g = -i*g + 34120. Is g composite?
True
Let r(c) = c. Let k(a) = -51*a + 16. Let u(o) = -k(o) - 6*r(o). Let p be (-75)/(-10) - (-3)/2. Is u(p) a prime number?
True
Suppose 5 = 13*m - 47. Let z = 138 - 90. Is (-1)/m + 26556/z composite?
True
Is (-7 + 2)*(-18093148)/740 a prime number?
True
Let j be (-2)/3 + 28/(-21). Let b be (-8)/j*(-9)/(-6). Suppose -3*w + 143 = -2*i, -i - 1 + b = 0. Is w a composite number?
True
Let y = 70378 - -124725. Is y a prime number?
True
Suppose -23*s + 7879148 = 53*s. Is s prime?
False
Suppose 8 = 2*j - h, 0 = -3*j - 3*h - 2 - 4. Let y be -1*(j*-10)/4. Suppose -t = -5*n + 4503, 4511 = y*n + t + 2*t. Is n composite?
True
Let u = -153 - -165. Let q(h) = 2*h**3 - 19*h**2 + 9*h + 3. Is q(u) a composite number?
True
Suppose k + 5 = 1, 0 = -x - 5*k + 20. Let h(o) = 403 - 176*o - 384 + x*o. Is h(-10) a prime number?
False
Let b = 1795955 + -1182448. Is b prime?
True
Let q(k) = -114*k + 17. Let l be 3/(-2 + 1) + 0 + -5. Let n be q(l). Suppose 3381 + n = 10*v. Is v prime?
True
Let h(r) = 12*r**2 + 32*r - 7. Let s be h(-3). Suppose -3*i = 2*b - 20587, 19*i - 51430 = -s*b + 24*i. Is b composite?
False
Let f be -10*3*6/5. Let a = 54 + f. Is 35/a*266 + 4/(-18) a composite number?
True
Let p be 290/8 + -4 + 90/24. Suppose 3*o = 4*n + 25, 5*o - n = -0*o + p. Let u(i) = 42*i**2 - 14*i - 3. Is u(o) a composite number?
True
Suppose 3223759 = 37*v - 6489471 + 1825089. Is v composite?
False
Let q(a) be the third derivative of 0*a + 0 - 11/2*a**3 - 2/5*a**5 + 1/120*a**6 - 7/12*a**4 - 12*a**2. Is q(26) composite?
True
Suppose 23*l = -59*l + 4268182. Is l a composite number?
False
Let t = -175138 - -248259. Is t prime?
True
Suppose -40*x = -39*x - 752. Let p be 14/12 + -1 + 17/6. Suppose -s - 3*s + 4*w + x = 0, 5*s = -p*w + 964. Is s a composite number?
False
Let c = -15 + 26. Suppose c = -h + 13. Let i(o) = 26*o**2 + o - 3. Is i(h) prime?
True
Let g(q) = -q**2 + q + 2. Let w(c) = -8*c**2 + 2*c + 9553. Let o(m) = -3*g(m) + w(m). Is o(0) a composite number?
False
Let t = -9 - -40. Suppose -15449 = -t*i + 14652. Is i a prime number?
True
Let x = 1577 + -903. Let d = 1231 - x. Is d prime?
True
Let n be (-3 - -6 - -37)*(-16)/2. Let w = -193 - n. Is w a prime number?
True
Suppose g = -1, 5*z - 32 = 4*g - 8. Suppose -3*p = -p - z. Suppose 2*f + 0*b - 316 = p*b, b - 808 = -5*f. Is f a composite number?
True
Let o = 238758 + -165949. Is o a composite number?
True
Suppose 16*n = 14*n + 56. Let t(p) = n*p**2 - p**3 + 2 + 17 + 8*p + 15 - 8. Is t(12) a composite number?
True
Let d = 13624 - 8322. Let a be 0 + 2 + d + 1. Suppose 2*v + 1061 = q + 6*v, 5*q = 3*v + a. Is q a composite number?
False
Suppose 15*x - 705 = 1035. Let g(v) = 150*v**2 + 29*v**2 + 6 + 85*v**2 + x*v**2 + 7*v. Is g(-1) a prime number?
True
Let x = 336 - 325. Suppose 176878 = -x*c + 37*c. Is c a composite number?
False
Let l = -7099 + 20873. Suppose 13776 = 3*r - 3*o, 3*r - 5*o - l = -0*r. Let w = -3184 + r. Is w composite?
False
Let f = -237 + 259. Suppose f*w = 16947 + 30595. Is w composite?
False
Let o(b) = -4*b**2 - 8*b - 4561. Let n(j) = 6*j**2 + 17*j + 9122. Let p(m) = 3*n(m) + 5*o(m). Is p(0) prime?
True
Let h(b) = -313*b**3 - 3*b**2 + 17*b + 2. Let x be h(-5). Is x/12 + (-1)/4 a composite number?
True
Let n = 16 + -7. Is 1/(((-27)/(-3246))/n) composite?
True
Suppose 4*d = -r + 3152, r + 3*d = 5*d + 3158. Let l(q) = -q - 209. Let y be l(0). Let s = r - y. Is s a prime number?
False
Suppose -45*t + 25982099 = 113*t - 15*t. Is t composite?
False
Suppose -121*p = -126*p + 40. Suppose -p*b = -2201 - 3151. Is b prime?
False
Let r = 81 + -81. Suppose -p + 2*s + 925 = r, -8*s + 3*s - 10 = 0. Is p a prime number?
False
Let k(d) be the third derivative of 0*d + 0 + 19/6*d**3 + 53/12*d**4 + 15*d**2. Is k(12) a prime number?
True
Let p(m) = -m**2 + 15*m + 9. Let i be p(15). Suppose -1924 = -i*q + 10649. Is q prime?
False
Let a(x) = 2161*x + 863. Is a(48) composite?
True
Suppose -56*b - 41587547 = -373*b. Is b a prime number?
False
Let r(p) = -2*p**2 - 28*p. Let v(n) = -n**2 - 29*n - 1. Let t(k) = 3*r(k) - 4*v(k). Let h be t(16). Is 0 + 1158/h + 49/(-98) prime?
False
Suppose -26 = -7*a - 6*a. Suppose 0 = o - a, -6*o + 2*o - 132 = -4*h. Is h + 0 + (-16)/(-4) + -4 a prime number?
False
Suppose 1938*k - 16587 = 1929*k. Is k prime?
False
Let v(y) = y**2 - 41*y - 290. Let r be v(47). Let z(u) = -137*u + 303. Is z(r) a prime number?
True
Suppose 2218454 = 23*x - 19*x - 2*t, -4*t = -3*x + 1663853. Is x a prime number?
True
Is 291838 + (9/6)/(11/(-22)) a prime number?
False
Let r = -21417 - -72770. Is r a prime number?
False
Let g be 1 - (-7 + (-35)/(-7)). Suppose 0 = g*l - 9996 - 2850. Is l composite?
True
Let k(i) = -i**2 + 6*i + 12. Let r(d) = 5*d + 6 + 5 + 8 - 7. Let h(q) = -3*k(q) + 4*r(q). Is h(-5) prime?
False
Let k = -552 - -592. Let m(r) = r**2 + 58*r + 53. Is m(k) a composite number?
True
Let g be (-5 + -1)/((-2)/(-4)*-3). Suppose -3*z + g*p + 6219 = 1108, 5*p - 20 = 0. Is z a prime number?
True
Suppose 10*t = -81 + 201. Suppose -192941 = -t*m - 22577. Is m a composite number?
False
Let t(o) = 5*o**2 + o + 19. Let m(f) = 3*f**2 + 13*f + 8. Let p(g) = g - 15. Let b be p(11). Let w be m(b). Is t(w) prime?
True
Let d be (5 + 165/22)*8/10. Is (14675/d - -2)*2 composite?
False
Let j(s) = -s**3 + 64*s**2 + 166*s + 9. Is j(60) a composite number?
True
Let f = 70488 - 38901. Suppose 2*r - 4 = 0, 5*s - 1452 - f = -2*r. Is s composite?
False
Suppose -10 = 2*s + 4*h, 2 = -3*h - 10. Suppose 0*b + 47685 = 5*b + 5*r, -4*r + 28615 = s*b. Is b composite?
False
Suppose -55*u - 18*u = -1494529. Is u a composite number?
True
Let i(d) = -21*d + d**3 - 4 - d - 12 + 20*d**2. Let a be i(-21). Suppose a*u + 4*j - 4143 = 3044, -u = -3*j - 1445. Is u a prime number?
True
Suppose -5596 = 4*w - 5*j, w + j = -w - 2784. Let p = 2455 + w. Is p a composite number?
False
Suppose 3*x + 80 = 4*n, x = 4*n - 0*x - 72. Let s(q) = 18*q + 65. Is s(n) a prime number?
False
Let r(i) = 92*i**2 - 71*i + 671. Is r(42) a composite number?
False
Let z be -2 - 43 - (2 - 2). Let i be (9/z)/((-2)/10690). Suppose -i = 7*j - 3428. Is j composite?
False
Let p be 8/14*-3*91/26. Is (28/(-14))/(p/6927) composite?
False
Let